= y**2 + 46*y + 317. Let a be g(-7). Calculate the highest common divisor of a and 418.
22
Suppose -11*h = 31*h - 1680. What is the highest common factor of 1660 and h?
20
Let k = 1283 - 1259. Suppose y - 778 = -5*l - 1957, -3*l - 713 = -5*y. Let c = -116 - l. Calculate the greatest common divisor of c and k.
24
Suppose j + 7*y = 4*y - 7, 5*y + 28 = -4*j. Let p be ((-3)/j - 1)*56/(-8). Let c = 78 + -34. Calculate the highest common divisor of c and p.
4
Let j(r) = 8*r + 140. Let m be j(-18). Let b(s) = -s**3 + 18*s + 26. Let z be b(m). What is the highest common divisor of 4 and z?
2
Let q be (16/1)/(1/14). Let y = 380557 + -380509. Calculate the highest common factor of y and q.
16
Suppose -19*a + 102 = 7. Suppose -v - 11 - 16 = -a*u, -3*v = 6. What is the highest common factor of 5 and u?
5
Let a = -3856 + 3892. Suppose -c - 28 = -2*b, 5*c + 21 = 4*b - 47. Calculate the greatest common factor of a and b.
12
Suppose -2*p + 16 = -4*f + 2*p, 4*p - 12 = 3*f. Let k be 28/(-42)*18/f. Let x be 9/((-3)/(-1)) + -4 + k. What is the greatest common divisor of x and 2?
2
Suppose -5*u = -2*i - 23516, 7591 = 5*u - 4*i - 15921. Calculate the highest common factor of 48 and u.
48
Suppose -3*q + 549 = 465. Calculate the highest common factor of q and 488.
4
Let g(d) = -d**2 + 18*d + 36. Let t be g(20). Let m be t + 2772/35 - (-4)/(-20). What is the greatest common divisor of m and 175?
25
Let g = 781 - 461. Suppose 4*h + z = -268, 0 = -5*h - 3*z - 2*z - g. Let k = -54 - h. What is the highest common divisor of 7 and k?
7
Let g(m) = -m**3 + 24*m**2 - 20*m - 64. Let x be g(23). Suppose 5*k = 79*z - 80*z + 162, x*k = 3*z + 154. What is the greatest common factor of k and 288?
32
Suppose 0 = -2*f + 5*f + 917 - 7886. Calculate the highest common divisor of 303 and f.
101
Suppose 5*z + 1270 = x, -2*x + 5*z + 3410 - 840 = 0. Calculate the highest common divisor of x and 75.
25
Suppose -v = 4*v - 20. Suppose 4*p = v*b - 224, -3*p = -0*p + 3. Let x = 2771 + -2166. Calculate the greatest common factor of x and b.
55
Let n(f) = 6*f**2 - 15. Let h = 272 - 276. Let q be n(h). Let u be (-4)/2 - (-37 + 8). Calculate the greatest common divisor of u and q.
27
Suppose 1148*x - 1848 = 1136*x. Calculate the greatest common factor of 6160 and x.
154
Let v be 68/28 + (-18)/42. Suppose 4*a = v*a + 760. Calculate the highest common factor of 20 and a.
20
Suppose 13340 = 21*n + 8*n. Calculate the highest common factor of n and 644.
92
Let x(g) = 114*g + 21. Let l be (-1)/(4/(-28)) + -3 - 1. Let i be x(l). Calculate the greatest common factor of 33 and i.
33
Suppose -839*c = -819*c - 280. Calculate the greatest common divisor of 2 and c.
2
Suppose 15*y - 10731 - 37119 = 0. What is the highest common factor of 44 and y?
22
Suppose 1959 - 2549 - 4949 = -29*q. What is the highest common divisor of q and 5?
1
Let g(y) = 12*y + 12. Suppose -3*b - m = -4*m - 15, -3*b + 11 = -4*m. Suppose -i + b = 2*i. Let w be g(i). Calculate the greatest common factor of 3 and w.
3
Suppose 40*c - 1690 - 500 = 37*c. What is the highest common divisor of c and 20?
10
Suppose -5*x + 6168 = 19*x. Suppose x*s - 253*s = 56. Calculate the greatest common divisor of 3 and s.
1
Let o be (-1438)/12 + 6/(-36). Let m(b) = 48*b - 8. Let n be m(5). Let k = o + n. What is the greatest common factor of k and 14?
14
Let i be (-6)/30 + (34476/5)/6. Suppose -8*p + i = -1443. Calculate the greatest common factor of 12 and p.
12
Let f(o) = 3*o - 2*o**2 + 8 - 3*o + o. Let p be f(0). Let c = 170 + -106. What is the greatest common factor of c and p?
8
Suppose 4*o + 444 = 2*w, 3*w - 5*o - 435 = 232. Calculate the greatest common divisor of w and 770.
14
Let y be (20/15)/((-964)/483 - -2). Let v be 3 - 6 - (-189 - -2). What is the greatest common factor of y and v?
46
Let k(i) = -i**3 - 4*i**2 - 11*i - 111. Suppose 6 = -1036*t + 1035*t. Let n be k(t). Calculate the highest common factor of 36 and n.
9
Suppose 321591 + 194093 = -103*a + 525*a. Calculate the greatest common factor of 1534 and a.
26
Let v = 41 - 37. Let t be (2 + (-3)/(-12))*v. Suppose -t*z = -8*z - 32. What is the greatest common divisor of 256 and z?
32
Suppose 0 = 5*q + 4*o + 679 - 782, 0 = 3*q + 4*o - 65. Calculate the greatest common divisor of 4864 and q.
19
Let u(o) = -14*o + 20. Let a be u(1). Let h = 14 - 10. Suppose 0*s + h*s - 264 = 0. What is the highest common factor of a and s?
6
Let z be -15 + (499 + -5 - -16). Suppose -4*c + 275 = c. What is the highest common divisor of z and c?
55
Suppose -14*d - 46 = -620. Suppose g - d + 24 = 0. What is the highest common divisor of 2 and g?
1
Let m(i) = -34*i + 2253. Let q be m(53). Calculate the highest common factor of 41 and q.
41
Let x(u) = u**2 - 21*u + 8. Let g be x(20). Let f be 13/((4 + 44/g)/1). What is the highest common divisor of f and 6?
3
Let t(f) = 4*f**2 + 20. Let o be t(-7). Calculate the highest common divisor of 351 and o.
27
Suppose 102*f = 20*f + 175 + 2121. What is the greatest common divisor of f and 1414?
14
Suppose -22*i - 16 = -26*i. Suppose -i*r = 4*b - 6*r - 36, 2*r = -b + 14. Let k = 203 - 123. What is the greatest common divisor of b and k?
10
Suppose -2*q + 188 = -42. Suppose 75*z - 42 = 1683. What is the highest common divisor of q and z?
23
Suppose 0 = 3*q + 138*q - 44838. What is the greatest common factor of 30 and q?
6
Suppose 5*y - x - 102 = 0, 90*x = 92*x + 4. Calculate the highest common factor of y and 655.
5
Let v(f) = f**2 + 3*f - 2966. Let m be v(-61). Calculate the greatest common divisor of m and 1417.
13
Suppose -5*n = -p - 1275, 3*n - p = 5*n - 517. Suppose 13*t - n = 251. Suppose -4 = d, c - 2*d = -0*d + 21. Calculate the highest common factor of c and t.
13
Let c be 79/3 + 1 - 116/(-174). Suppose 0 = 2*h + 8 - c. Suppose 2*y + 3*y = 20. Calculate the highest common divisor of y and h.
2
Let f(n) = 2*n**2 - 1032*n + 7230. Let i be f(7). What is the highest common divisor of i and 533?
13
Suppose 651 = -33*d - 5*d + 44085. Calculate the greatest common divisor of d and 36.
9
Let f be (13 + -12)/(1*1/39). Suppose 260 = 89*n - 85*n. What is the highest common factor of f and n?
13
Suppose -1690 = -c - 5*u, -5*c + 9729 = -2*u + 1171. Calculate the greatest common factor of c and 54.
18
Suppose -20*d = -13*d - 21553. Suppose -y - 800 = 4*o - d, -2*o - 6781 = -3*y. Suppose 12*t = 5791 - y. What is the greatest common divisor of 49 and t?
49
Suppose -4*p + 2 = -10. Let l = -280 + 322. Suppose 156 = 19*o + l. What is the highest common divisor of p and o?
3
Let z be ((3 - 5)/(-6))/(13/7683). Suppose -3*j - c = -404, -4*c - 576 = -3*j - z. Let f = 9 - -10. What is the greatest common divisor of f and j?
19
Let f be ((-30)/9)/(66/363 + 23200/(-127479)). What is the highest common divisor of f and 5?
5
Suppose -5*k = 5, -15 = 2*f + 5*k - 6. Let m be (f/4)/(-4 + 605/150). Let u be m/(-2) - 1*(-2)/4. Calculate the greatest common divisor of u and 28.
4
Suppose -2*h = 1 - 5. Suppose -2*d + s = -336, -2*s - 189 = -h*d + 147. Suppose 0 = 42*b - 62*b + 480. What is the greatest common factor of b and d?
24
Suppose -4*s = -5*i + 62, -3*i + 26 = -11*s + 7*s. What is the highest common divisor of 2286 and i?
18
Let u(m) = 8*m**2 + 177*m + 34. Let a be u(-22). Calculate the greatest common divisor of a and 564.
12
Suppose -53*b = 6*b + 3*b - 5704. What is the greatest common factor of 437 and b?
23
Suppose -3*a + 228 = 3*c, 176 = 2*a - 4*c - 0*c. Suppose -5*o - 548 = -118. Let d = -54 - o. Calculate the highest common factor of a and d.
16
Let t = -416 + 423. Suppose 2*v = n + 76, 4*n + 5 + 11 = 0. Suppose 20 + v = 2*p. What is the greatest common divisor of t and p?
7
Suppose -7*j + 9*j = 28. Let k be (5 - 222)/(5/(-10)). What is the highest common divisor of k and j?
14
Suppose -5*m = -4*x + 47 - 113, -41 = -3*m + x. Suppose -5*p - 3*q = -89, 3*p - 5*q - 65 = -2*p. Let l = p + -2. Calculate the highest common factor of m and l.
14
Let a be 3 - -1*(-296 + 5). Let c be ((-54)/(-4))/(6*(-4)/a). Let j = 0 - -18. What is the highest common divisor of c and j?
18
Let p be (-2)/((-44)/12 + 6/2). Suppose -4*d - 5*z + 144 = -p*z, 3*d + z - 107 = 0. Calculate the greatest common factor of d and 10.
5
Suppose 3*o = -5*v + v + 1812, 1364 = 3*v + o. Calculate the highest common factor of v 